{"id":4635,"date":"2024-06-28T10:05:27","date_gmt":"2024-06-28T08:05:27","guid":{"rendered":"http:\/\/site.mon-epicerie-berrichonne.fr\/?post_type=product&#038;p=4635"},"modified":"2024-08-02T10:59:15","modified_gmt":"2024-08-02T08:59:15","slug":"lentilles-flora-berrichonne","status":"publish","type":"product","link":"https:\/\/mon-epicerie-berrichonne.fr\/index.php\/product\/lentilles-flora-berrichonne\/","title":{"rendered":"Lentilles Flora Berrichonne"},"content":{"rendered":"<p>La Flora est douce avec un gout qui ce rapproche de la ch\u00e2taigne.<\/p>\n<p>Processus de Culture :<\/p>\n<ul>\n<li>Dans une terre argilo-calcaire les lentilles sont sem\u00e9es en Mars.<\/li>\n<li>R\u00e9colt\u00e9es en Juillet \u00e0 l\u2019aide d\u2019une moissonneuse batteuse.<\/li>\n<li>Un triage pr\u00e9alable est fait dans un s\u00e9parateur<\/li>\n<li>Un dernier triage est effectu\u00e9 via une centrifugeuse pour supprimer les derni\u00e8res impuret\u00e9s.<\/li>\n<li>Un repos est n\u00e9cessaire puis les lentilles sont conditionn\u00e9es.<\/li>\n<\/ul>\n","protected":false},"excerpt":{"rendered":"<p>La Flora est douce avec un gout qui ce rapproche de la ch\u00e2taigne. Processus de Culture : Dans une terre argilo-calcaire les lentilles sont sem\u00e9es en Mars. R\u00e9colt\u00e9es en Juillet \u00e0 l\u2019aide d\u2019une moissonneuse batteuse. Un triage pr\u00e9alable est fait dans un s\u00e9parateur Un dernier triage est effectu\u00e9 via une centrifugeuse pour supprimer les derni\u00e8res&#8230;<\/p>\n","protected":false},"featured_media":4639,"comment_status":"open","ping_status":"closed","template":"","meta":[],"product_brand":[],"product_cat":[67],"product_tag":[],"class_list":{"0":"post-4635","1":"product","2":"type-product","3":"status-publish","4":"has-post-thumbnail","6":"product_cat-lentilles","7":"nt-post-class","8":"","12":"excerpt-none","17":"first","18":"instock","19":"taxable","20":"shipping-taxable","21":"purchasable","22":"product-type-variable"},"yoast_head":"<!-- This site is optimized with the Yoast SEO plugin v27.2 - https:\/\/yoast.com\/product\/yoast-seo-wordpress\/ -->\n<title>Lentilles Flora Berrichonne - Mon Epicerie berrichonne<\/title>\n<meta name=\"robots\" content=\"index, follow, max-snippet:-1, max-image-preview:large, max-video-preview:-1\" \/>\n<link rel=\"canonical\" href=\"https:\/\/mon-epicerie-berrichonne.fr\/index.php\/product\/lentilles-flora-berrichonne\/\" \/>\n<meta property=\"og:locale\" content=\"fr_FR\" \/>\n<meta property=\"og:type\" content=\"article\" \/>\n<meta property=\"og:title\" content=\"Lentilles Flora Berrichonne - Mon Epicerie berrichonne\" \/>\n<meta property=\"og:description\" content=\"La Flora est douce avec un gout qui ce rapproche de la ch\u00e2taigne. Processus de Culture : Dans une terre argilo-calcaire les lentilles sont sem\u00e9es en Mars. R\u00e9colt\u00e9es en Juillet \u00e0 l\u2019aide d\u2019une moissonneuse batteuse. Un triage pr\u00e9alable est fait dans un s\u00e9parateur Un dernier triage est effectu\u00e9 via une centrifugeuse pour supprimer les derni\u00e8res...\" \/>\n<meta property=\"og:url\" content=\"https:\/\/mon-epicerie-berrichonne.fr\/index.php\/product\/lentilles-flora-berrichonne\/\" \/>\n<meta property=\"og:site_name\" content=\"Mon Epicerie berrichonne\" \/>\n<meta property=\"article:modified_time\" content=\"2024-08-02T08:59:15+00:00\" \/>\n<meta property=\"og:image\" content=\"https:\/\/mon-epicerie-berrichonne.fr\/wp-content\/uploads\/2024\/06\/LENTILLES-FLORA-2-rotated-1.jpg\" \/>\n\t<meta property=\"og:image:width\" content=\"443\" \/>\n\t<meta property=\"og:image:height\" content=\"591\" \/>\n\t<meta property=\"og:image:type\" content=\"image\/jpeg\" \/>\n<meta name=\"twitter:card\" content=\"summary_large_image\" \/>\n<script type=\"application\/ld+json\" class=\"yoast-schema-graph\">{\"@context\":\"https:\/\/schema.org\",\"@graph\":[{\"@type\":\"WebPage\",\"@id\":\"https:\/\/mon-epicerie-berrichonne.fr\/index.php\/product\/lentilles-flora-berrichonne\/\",\"url\":\"https:\/\/mon-epicerie-berrichonne.fr\/index.php\/product\/lentilles-flora-berrichonne\/\",\"name\":\"Lentilles Flora Berrichonne - Mon Epicerie berrichonne\",\"isPartOf\":{\"@id\":\"https:\/\/mon-epicerie-berrichonne.fr\/#website\"},\"primaryImageOfPage\":{\"@id\":\"https:\/\/mon-epicerie-berrichonne.fr\/index.php\/product\/lentilles-flora-berrichonne\/#primaryimage\"},\"image\":{\"@id\":\"https:\/\/mon-epicerie-berrichonne.fr\/index.php\/product\/lentilles-flora-berrichonne\/#primaryimage\"},\"thumbnailUrl\":\"https:\/\/mon-epicerie-berrichonne.fr\/wp-content\/uploads\/2024\/06\/LENTILLES-FLORA-2-rotated-1.jpg\",\"datePublished\":\"2024-06-28T08:05:27+00:00\",\"dateModified\":\"2024-08-02T08:59:15+00:00\",\"breadcrumb\":{\"@id\":\"https:\/\/mon-epicerie-berrichonne.fr\/index.php\/product\/lentilles-flora-berrichonne\/#breadcrumb\"},\"inLanguage\":\"fr-FR\",\"potentialAction\":[{\"@type\":\"ReadAction\",\"target\":[\"https:\/\/mon-epicerie-berrichonne.fr\/index.php\/product\/lentilles-flora-berrichonne\/\"]}]},{\"@type\":\"ImageObject\",\"inLanguage\":\"fr-FR\",\"@id\":\"https:\/\/mon-epicerie-berrichonne.fr\/index.php\/product\/lentilles-flora-berrichonne\/#primaryimage\",\"url\":\"https:\/\/mon-epicerie-berrichonne.fr\/wp-content\/uploads\/2024\/06\/LENTILLES-FLORA-2-rotated-1.jpg\",\"contentUrl\":\"https:\/\/mon-epicerie-berrichonne.fr\/wp-content\/uploads\/2024\/06\/LENTILLES-FLORA-2-rotated-1.jpg\",\"width\":443,\"height\":591,\"caption\":\"Lentille Flora\"},{\"@type\":\"BreadcrumbList\",\"@id\":\"https:\/\/mon-epicerie-berrichonne.fr\/index.php\/product\/lentilles-flora-berrichonne\/#breadcrumb\",\"itemListElement\":[{\"@type\":\"ListItem\",\"position\":1,\"name\":\"Accueil\",\"item\":\"https:\/\/mon-epicerie-berrichonne.fr\/\"},{\"@type\":\"ListItem\",\"position\":2,\"name\":\"Boutique\",\"item\":\"https:\/\/mon-epicerie-berrichonne.fr\/index.php\/boutique\/\"},{\"@type\":\"ListItem\",\"position\":3,\"name\":\"Lentilles Flora Berrichonne\"}]},{\"@type\":\"WebSite\",\"@id\":\"https:\/\/mon-epicerie-berrichonne.fr\/#website\",\"url\":\"https:\/\/mon-epicerie-berrichonne.fr\/\",\"name\":\"Mon Epicerie berrichonne\",\"description\":\"\",\"potentialAction\":[{\"@type\":\"SearchAction\",\"target\":{\"@type\":\"EntryPoint\",\"urlTemplate\":\"https:\/\/mon-epicerie-berrichonne.fr\/?s={search_term_string}\"},\"query-input\":{\"@type\":\"PropertyValueSpecification\",\"valueRequired\":true,\"valueName\":\"search_term_string\"}}],\"inLanguage\":\"fr-FR\"}]}<\/script>\n<!-- \/ Yoast SEO plugin. -->","yoast_head_json":{"title":"Lentilles Flora Berrichonne - Mon Epicerie berrichonne","robots":{"index":"index","follow":"follow","max-snippet":"max-snippet:-1","max-image-preview":"max-image-preview:large","max-video-preview":"max-video-preview:-1"},"canonical":"https:\/\/mon-epicerie-berrichonne.fr\/index.php\/product\/lentilles-flora-berrichonne\/","og_locale":"fr_FR","og_type":"article","og_title":"Lentilles Flora Berrichonne - Mon Epicerie berrichonne","og_description":"La Flora est douce avec un gout qui ce rapproche de la ch\u00e2taigne. Processus de Culture : Dans une terre argilo-calcaire les lentilles sont sem\u00e9es en Mars. R\u00e9colt\u00e9es en Juillet \u00e0 l\u2019aide d\u2019une moissonneuse batteuse. Un triage pr\u00e9alable est fait dans un s\u00e9parateur Un dernier triage est effectu\u00e9 via une centrifugeuse pour supprimer les derni\u00e8res...","og_url":"https:\/\/mon-epicerie-berrichonne.fr\/index.php\/product\/lentilles-flora-berrichonne\/","og_site_name":"Mon Epicerie berrichonne","article_modified_time":"2024-08-02T08:59:15+00:00","og_image":[{"width":443,"height":591,"url":"https:\/\/mon-epicerie-berrichonne.fr\/wp-content\/uploads\/2024\/06\/LENTILLES-FLORA-2-rotated-1.jpg","type":"image\/jpeg"}],"twitter_card":"summary_large_image","schema":{"@context":"https:\/\/schema.org","@graph":[{"@type":"WebPage","@id":"https:\/\/mon-epicerie-berrichonne.fr\/index.php\/product\/lentilles-flora-berrichonne\/","url":"https:\/\/mon-epicerie-berrichonne.fr\/index.php\/product\/lentilles-flora-berrichonne\/","name":"Lentilles Flora Berrichonne - Mon Epicerie berrichonne","isPartOf":{"@id":"https:\/\/mon-epicerie-berrichonne.fr\/#website"},"primaryImageOfPage":{"@id":"https:\/\/mon-epicerie-berrichonne.fr\/index.php\/product\/lentilles-flora-berrichonne\/#primaryimage"},"image":{"@id":"https:\/\/mon-epicerie-berrichonne.fr\/index.php\/product\/lentilles-flora-berrichonne\/#primaryimage"},"thumbnailUrl":"https:\/\/mon-epicerie-berrichonne.fr\/wp-content\/uploads\/2024\/06\/LENTILLES-FLORA-2-rotated-1.jpg","datePublished":"2024-06-28T08:05:27+00:00","dateModified":"2024-08-02T08:59:15+00:00","breadcrumb":{"@id":"https:\/\/mon-epicerie-berrichonne.fr\/index.php\/product\/lentilles-flora-berrichonne\/#breadcrumb"},"inLanguage":"fr-FR","potentialAction":[{"@type":"ReadAction","target":["https:\/\/mon-epicerie-berrichonne.fr\/index.php\/product\/lentilles-flora-berrichonne\/"]}]},{"@type":"ImageObject","inLanguage":"fr-FR","@id":"https:\/\/mon-epicerie-berrichonne.fr\/index.php\/product\/lentilles-flora-berrichonne\/#primaryimage","url":"https:\/\/mon-epicerie-berrichonne.fr\/wp-content\/uploads\/2024\/06\/LENTILLES-FLORA-2-rotated-1.jpg","contentUrl":"https:\/\/mon-epicerie-berrichonne.fr\/wp-content\/uploads\/2024\/06\/LENTILLES-FLORA-2-rotated-1.jpg","width":443,"height":591,"caption":"Lentille Flora"},{"@type":"BreadcrumbList","@id":"https:\/\/mon-epicerie-berrichonne.fr\/index.php\/product\/lentilles-flora-berrichonne\/#breadcrumb","itemListElement":[{"@type":"ListItem","position":1,"name":"Accueil","item":"https:\/\/mon-epicerie-berrichonne.fr\/"},{"@type":"ListItem","position":2,"name":"Boutique","item":"https:\/\/mon-epicerie-berrichonne.fr\/index.php\/boutique\/"},{"@type":"ListItem","position":3,"name":"Lentilles Flora Berrichonne"}]},{"@type":"WebSite","@id":"https:\/\/mon-epicerie-berrichonne.fr\/#website","url":"https:\/\/mon-epicerie-berrichonne.fr\/","name":"Mon Epicerie berrichonne","description":"","potentialAction":[{"@type":"SearchAction","target":{"@type":"EntryPoint","urlTemplate":"https:\/\/mon-epicerie-berrichonne.fr\/?s={search_term_string}"},"query-input":{"@type":"PropertyValueSpecification","valueRequired":true,"valueName":"search_term_string"}}],"inLanguage":"fr-FR"}]}},"_links":{"self":[{"href":"https:\/\/mon-epicerie-berrichonne.fr\/index.php\/wp-json\/wp\/v2\/product\/4635","targetHints":{"allow":["GET"]}}],"collection":[{"href":"https:\/\/mon-epicerie-berrichonne.fr\/index.php\/wp-json\/wp\/v2\/product"}],"about":[{"href":"https:\/\/mon-epicerie-berrichonne.fr\/index.php\/wp-json\/wp\/v2\/types\/product"}],"replies":[{"embeddable":true,"href":"https:\/\/mon-epicerie-berrichonne.fr\/index.php\/wp-json\/wp\/v2\/comments?post=4635"}],"wp:featuredmedia":[{"embeddable":true,"href":"https:\/\/mon-epicerie-berrichonne.fr\/index.php\/wp-json\/wp\/v2\/media\/4639"}],"wp:attachment":[{"href":"https:\/\/mon-epicerie-berrichonne.fr\/index.php\/wp-json\/wp\/v2\/media?parent=4635"}],"wp:term":[{"taxonomy":"product_brand","embeddable":true,"href":"https:\/\/mon-epicerie-berrichonne.fr\/index.php\/wp-json\/wp\/v2\/product_brand?post=4635"},{"taxonomy":"product_cat","embeddable":true,"href":"https:\/\/mon-epicerie-berrichonne.fr\/index.php\/wp-json\/wp\/v2\/product_cat?post=4635"},{"taxonomy":"product_tag","embeddable":true,"href":"https:\/\/mon-epicerie-berrichonne.fr\/index.php\/wp-json\/wp\/v2\/product_tag?post=4635"}],"curies":[{"name":"wp","href":"https:\/\/api.w.org\/{rel}","templated":true}]}}

<p>La Flora est douce avec un gout qui ce rapproche de la châtaigne.</p>
<p>Processus de Culture :</p>
<ul>
<li>Dans une terre argilo-calcaire les lentilles sont semées en Mars.</li>
<li>Récoltées en Juillet à l’aide d’une moissonneuse batteuse.</li>
<li>Un triage préalable est fait dans un séparateur</li>
<li>Un dernier triage est effectué via une centrifugeuse pour supprimer les dernières impuretés.</li>
<li>Un repos est nécessaire puis les lentilles sont conditionnées.</li>
</ul>

<p>La Flora est douce avec un gout qui ce rapproche de la châtaigne. Processus de Culture : Dans une terre argilo-calcaire les lentilles sont semées en Mars. Récoltées en Juillet à l’aide d’une moissonneuse batteuse. Un triage préalable est fait dans un séparateur Un dernier triage est effectué via une centrifugeuse pour supprimer les dernières&#8230;</p>

<!-- This site is optimized with the Yoast SEO plugin v27.2 - https://yoast.com/product/yoast-seo-wordpress/ -->
<title>Lentilles Flora Berrichonne - Mon Epicerie berrichonne</title>
<meta name="robots" content="index, follow, max-snippet:-1, max-image-preview:large, max-video-preview:-1" />
<link rel="canonical" href="https://mon-epicerie-berrichonne.fr/index.php/product/lentilles-flora-berrichonne/" />
<meta property="og:locale" content="fr_FR" />
<meta property="og:type" content="article" />
<meta property="og:title" content="Lentilles Flora Berrichonne - Mon Epicerie berrichonne" />
<meta property="og:description" content="La Flora est douce avec un gout qui ce rapproche de la châtaigne. Processus de Culture : Dans une terre argilo-calcaire les lentilles sont semées en Mars. Récoltées en Juillet à l’aide d’une moissonneuse batteuse. Un triage préalable est fait dans un séparateur Un dernier triage est effectué via une centrifugeuse pour supprimer les dernières..." />
<meta property="og:url" content="https://mon-epicerie-berrichonne.fr/index.php/product/lentilles-flora-berrichonne/" />
<meta property="og:site_name" content="Mon Epicerie berrichonne" />
<meta property="article:modified_time" content="2024-08-02T08:59:15+00:00" />
<meta property="og:image" content="https://mon-epicerie-berrichonne.fr/wp-content/uploads/2024/06/LENTILLES-FLORA-2-rotated-1.jpg" />
	<meta property="og:image:width" content="443" />
	<meta property="og:image:height" content="591" />
	<meta property="og:image:type" content="image/jpeg" />
<meta name="twitter:card" content="summary_large_image" />
<script type="application/ld+json" class="yoast-schema-graph">{"@context":"https://schema.org","@graph":[{"@type":"WebPage","@id":"https://mon-epicerie-berrichonne.fr/index.php/product/lentilles-flora-berrichonne/","url":"https://mon-epicerie-berrichonne.fr/index.php/product/lentilles-flora-berrichonne/","name":"Lentilles Flora Berrichonne - Mon Epicerie berrichonne","isPartOf":{"@id":"https://mon-epicerie-berrichonne.fr/#website"},"primaryImageOfPage":{"@id":"https://mon-epicerie-berrichonne.fr/index.php/product/lentilles-flora-berrichonne/#primaryimage"},"image":{"@id":"https://mon-epicerie-berrichonne.fr/index.php/product/lentilles-flora-berrichonne/#primaryimage"},"thumbnailUrl":"https://mon-epicerie-berrichonne.fr/wp-content/uploads/2024/06/LENTILLES-FLORA-2-rotated-1.jpg","datePublished":"2024-06-28T08:05:27+00:00","dateModified":"2024-08-02T08:59:15+00:00","breadcrumb":{"@id":"https://mon-epicerie-berrichonne.fr/index.php/product/lentilles-flora-berrichonne/#breadcrumb"},"inLanguage":"fr-FR","potentialAction":[{"@type":"ReadAction","target":["https://mon-epicerie-berrichonne.fr/index.php/product/lentilles-flora-berrichonne/"]}]},{"@type":"ImageObject","inLanguage":"fr-FR","@id":"https://mon-epicerie-berrichonne.fr/index.php/product/lentilles-flora-berrichonne/#primaryimage","url":"https://mon-epicerie-berrichonne.fr/wp-content/uploads/2024/06/LENTILLES-FLORA-2-rotated-1.jpg","contentUrl":"https://mon-epicerie-berrichonne.fr/wp-content/uploads/2024/06/LENTILLES-FLORA-2-rotated-1.jpg","width":443,"height":591,"caption":"Lentille Flora"},{"@type":"BreadcrumbList","@id":"https://mon-epicerie-berrichonne.fr/index.php/product/lentilles-flora-berrichonne/#breadcrumb","itemListElement":[{"@type":"ListItem","position":1,"name":"Accueil","item":"https://mon-epicerie-berrichonne.fr/"},{"@type":"ListItem","position":2,"name":"Boutique","item":"https://mon-epicerie-berrichonne.fr/index.php/boutique/"},{"@type":"ListItem","position":3,"name":"Lentilles Flora Berrichonne"}]},{"@type":"WebSite","@id":"https://mon-epicerie-berrichonne.fr/#website","url":"https://mon-epicerie-berrichonne.fr/","name":"Mon Epicerie berrichonne","description":"","potentialAction":[{"@type":"SearchAction","target":{"@type":"EntryPoint","urlTemplate":"https://mon-epicerie-berrichonne.fr/?s={search_term_string}"},"query-input":{"@type":"PropertyValueSpecification","valueRequired":true,"valueName":"search_term_string"}}],"inLanguage":"fr-FR"}]}</script>
<!-- / Yoast SEO plugin. -->

La Flora est douce avec un gout qui ce rapproche de la châtaigne. Processus de Culture : Dans une terre argilo-calcaire les lentilles sont semées en Mars. Récoltées en Juillet à l’aide d’une moissonneuse batteuse. Un triage préalable est fait dans un séparateur Un dernier triage est effectué via une centrifugeuse pour supprimer les dernières...
