{"id":4606,"date":"2024-06-28T09:13:47","date_gmt":"2024-06-28T07:13:47","guid":{"rendered":"http:\/\/site.mon-epicerie-berrichonne.fr\/?post_type=product&#038;p=4606"},"modified":"2025-03-03T15:15:34","modified_gmt":"2025-03-03T14:15:34","slug":"crackers-sesame-et-fleur-de-sel","status":"publish","type":"product","link":"https:\/\/mon-epicerie-berrichonne.fr\/index.php\/product\/crackers-sesame-et-fleur-de-sel\/","title":{"rendered":"Sabl\u00e9s sal\u00e9s \u00e0 la farine de lentille verte et fromage de ch\u00e8vre"},"content":{"rendered":"<p>Ingr\u00e9dients : Farine de bl\u00e9 et farine\u00a0 de lentilles vertes berrichonnes, fromage de ch\u00e8vre du Berry, beurre, poudre d&#8217;amande, poudre a lever,E234, sel.<\/p>\n","protected":false},"excerpt":{"rendered":"<p>Ingr\u00e9dients : Farine de bl\u00e9 et farine\u00a0 de lentilles vertes berrichonnes, fromage de ch\u00e8vre du Berry, beurre, poudre d&#8217;amande, poudre a lever,E234, sel.<\/p>\n","protected":false},"featured_media":0,"comment_status":"open","ping_status":"closed","template":"","meta":[],"product_brand":[],"product_cat":[72],"product_tag":[],"class_list":{"0":"post-4606","1":"product","2":"type-product","3":"status-publish","5":"product_cat-gateaux","6":"nt-post-class","7":"","9":"thumb-none","11":"excerpt-none","16":"first","17":"instock","18":"taxable","19":"shipping-taxable","20":"purchasable","21":"product-type-simple"},"yoast_head":"<!-- This site is optimized with the Yoast SEO plugin v27.2 - https:\/\/yoast.com\/product\/yoast-seo-wordpress\/ -->\n<title>Sabl\u00e9s sal\u00e9s \u00e0 la farine de lentille verte et fromage de ch\u00e8vre - Mon Epicerie berrichonne<\/title>\n<meta name=\"robots\" content=\"index, follow, max-snippet:-1, max-image-preview:large, max-video-preview:-1\" \/>\n<link rel=\"canonical\" href=\"https:\/\/mon-epicerie-berrichonne.fr\/index.php\/product\/crackers-sesame-et-fleur-de-sel\/\" \/>\n<meta property=\"og:locale\" content=\"fr_FR\" \/>\n<meta property=\"og:type\" content=\"article\" \/>\n<meta property=\"og:title\" content=\"Sabl\u00e9s sal\u00e9s \u00e0 la farine de lentille verte et fromage de ch\u00e8vre - Mon Epicerie berrichonne\" \/>\n<meta property=\"og:description\" content=\"Ingr\u00e9dients : Farine de bl\u00e9 et farine\u00a0 de lentilles vertes berrichonnes, fromage de ch\u00e8vre du Berry, beurre, poudre d&#8217;amande, poudre a lever,E234, sel.\" \/>\n<meta property=\"og:url\" content=\"https:\/\/mon-epicerie-berrichonne.fr\/index.php\/product\/crackers-sesame-et-fleur-de-sel\/\" \/>\n<meta property=\"og:site_name\" content=\"Mon Epicerie berrichonne\" \/>\n<meta property=\"article:modified_time\" content=\"2025-03-03T14:15:34+00:00\" \/>\n<meta name=\"twitter:card\" content=\"summary_large_image\" \/>\n<meta name=\"twitter:label1\" content=\"Dur\u00e9e de lecture estim\u00e9e\" \/>\n\t<meta name=\"twitter:data1\" content=\"1 minute\" \/>\n<script type=\"application\/ld+json\" class=\"yoast-schema-graph\">{\"@context\":\"https:\/\/schema.org\",\"@graph\":[{\"@type\":\"WebPage\",\"@id\":\"https:\/\/mon-epicerie-berrichonne.fr\/index.php\/product\/crackers-sesame-et-fleur-de-sel\/\",\"url\":\"https:\/\/mon-epicerie-berrichonne.fr\/index.php\/product\/crackers-sesame-et-fleur-de-sel\/\",\"name\":\"Sabl\u00e9s sal\u00e9s \u00e0 la farine de lentille verte et fromage de ch\u00e8vre - Mon Epicerie berrichonne\",\"isPartOf\":{\"@id\":\"https:\/\/mon-epicerie-berrichonne.fr\/#website\"},\"datePublished\":\"2024-06-28T07:13:47+00:00\",\"dateModified\":\"2025-03-03T14:15:34+00:00\",\"breadcrumb\":{\"@id\":\"https:\/\/mon-epicerie-berrichonne.fr\/index.php\/product\/crackers-sesame-et-fleur-de-sel\/#breadcrumb\"},\"inLanguage\":\"fr-FR\",\"potentialAction\":[{\"@type\":\"ReadAction\",\"target\":[\"https:\/\/mon-epicerie-berrichonne.fr\/index.php\/product\/crackers-sesame-et-fleur-de-sel\/\"]}]},{\"@type\":\"BreadcrumbList\",\"@id\":\"https:\/\/mon-epicerie-berrichonne.fr\/index.php\/product\/crackers-sesame-et-fleur-de-sel\/#breadcrumb\",\"itemListElement\":[{\"@type\":\"ListItem\",\"position\":1,\"name\":\"Accueil\",\"item\":\"https:\/\/mon-epicerie-berrichonne.fr\/\"},{\"@type\":\"ListItem\",\"position\":2,\"name\":\"Boutique\",\"item\":\"https:\/\/mon-epicerie-berrichonne.fr\/index.php\/boutique\/\"},{\"@type\":\"ListItem\",\"position\":3,\"name\":\"Sabl\u00e9s sal\u00e9s \u00e0 la farine de lentille verte et fromage de ch\u00e8vre\"}]},{\"@type\":\"WebSite\",\"@id\":\"https:\/\/mon-epicerie-berrichonne.fr\/#website\",\"url\":\"https:\/\/mon-epicerie-berrichonne.fr\/\",\"name\":\"Mon Epicerie berrichonne\",\"description\":\"\",\"potentialAction\":[{\"@type\":\"SearchAction\",\"target\":{\"@type\":\"EntryPoint\",\"urlTemplate\":\"https:\/\/mon-epicerie-berrichonne.fr\/?s={search_term_string}\"},\"query-input\":{\"@type\":\"PropertyValueSpecification\",\"valueRequired\":true,\"valueName\":\"search_term_string\"}}],\"inLanguage\":\"fr-FR\"}]}<\/script>\n<!-- \/ Yoast SEO plugin. -->","yoast_head_json":{"title":"Sabl\u00e9s sal\u00e9s \u00e0 la farine de lentille verte et fromage de ch\u00e8vre - Mon Epicerie berrichonne","robots":{"index":"index","follow":"follow","max-snippet":"max-snippet:-1","max-image-preview":"max-image-preview:large","max-video-preview":"max-video-preview:-1"},"canonical":"https:\/\/mon-epicerie-berrichonne.fr\/index.php\/product\/crackers-sesame-et-fleur-de-sel\/","og_locale":"fr_FR","og_type":"article","og_title":"Sabl\u00e9s sal\u00e9s \u00e0 la farine de lentille verte et fromage de ch\u00e8vre - Mon Epicerie berrichonne","og_description":"Ingr\u00e9dients : Farine de bl\u00e9 et farine\u00a0 de lentilles vertes berrichonnes, fromage de ch\u00e8vre du Berry, beurre, poudre d&#8217;amande, poudre a lever,E234, sel.","og_url":"https:\/\/mon-epicerie-berrichonne.fr\/index.php\/product\/crackers-sesame-et-fleur-de-sel\/","og_site_name":"Mon Epicerie berrichonne","article_modified_time":"2025-03-03T14:15:34+00:00","twitter_card":"summary_large_image","twitter_misc":{"Dur\u00e9e de lecture estim\u00e9e":"1 minute"},"schema":{"@context":"https:\/\/schema.org","@graph":[{"@type":"WebPage","@id":"https:\/\/mon-epicerie-berrichonne.fr\/index.php\/product\/crackers-sesame-et-fleur-de-sel\/","url":"https:\/\/mon-epicerie-berrichonne.fr\/index.php\/product\/crackers-sesame-et-fleur-de-sel\/","name":"Sabl\u00e9s sal\u00e9s \u00e0 la farine de lentille verte et fromage de ch\u00e8vre - Mon Epicerie berrichonne","isPartOf":{"@id":"https:\/\/mon-epicerie-berrichonne.fr\/#website"},"datePublished":"2024-06-28T07:13:47+00:00","dateModified":"2025-03-03T14:15:34+00:00","breadcrumb":{"@id":"https:\/\/mon-epicerie-berrichonne.fr\/index.php\/product\/crackers-sesame-et-fleur-de-sel\/#breadcrumb"},"inLanguage":"fr-FR","potentialAction":[{"@type":"ReadAction","target":["https:\/\/mon-epicerie-berrichonne.fr\/index.php\/product\/crackers-sesame-et-fleur-de-sel\/"]}]},{"@type":"BreadcrumbList","@id":"https:\/\/mon-epicerie-berrichonne.fr\/index.php\/product\/crackers-sesame-et-fleur-de-sel\/#breadcrumb","itemListElement":[{"@type":"ListItem","position":1,"name":"Accueil","item":"https:\/\/mon-epicerie-berrichonne.fr\/"},{"@type":"ListItem","position":2,"name":"Boutique","item":"https:\/\/mon-epicerie-berrichonne.fr\/index.php\/boutique\/"},{"@type":"ListItem","position":3,"name":"Sabl\u00e9s sal\u00e9s \u00e0 la farine de lentille verte et fromage de ch\u00e8vre"}]},{"@type":"WebSite","@id":"https:\/\/mon-epicerie-berrichonne.fr\/#website","url":"https:\/\/mon-epicerie-berrichonne.fr\/","name":"Mon Epicerie berrichonne","description":"","potentialAction":[{"@type":"SearchAction","target":{"@type":"EntryPoint","urlTemplate":"https:\/\/mon-epicerie-berrichonne.fr\/?s={search_term_string}"},"query-input":{"@type":"PropertyValueSpecification","valueRequired":true,"valueName":"search_term_string"}}],"inLanguage":"fr-FR"}]}},"_links":{"self":[{"href":"https:\/\/mon-epicerie-berrichonne.fr\/index.php\/wp-json\/wp\/v2\/product\/4606","targetHints":{"allow":["GET"]}}],"collection":[{"href":"https:\/\/mon-epicerie-berrichonne.fr\/index.php\/wp-json\/wp\/v2\/product"}],"about":[{"href":"https:\/\/mon-epicerie-berrichonne.fr\/index.php\/wp-json\/wp\/v2\/types\/product"}],"replies":[{"embeddable":true,"href":"https:\/\/mon-epicerie-berrichonne.fr\/index.php\/wp-json\/wp\/v2\/comments?post=4606"}],"wp:attachment":[{"href":"https:\/\/mon-epicerie-berrichonne.fr\/index.php\/wp-json\/wp\/v2\/media?parent=4606"}],"wp:term":[{"taxonomy":"product_brand","embeddable":true,"href":"https:\/\/mon-epicerie-berrichonne.fr\/index.php\/wp-json\/wp\/v2\/product_brand?post=4606"},{"taxonomy":"product_cat","embeddable":true,"href":"https:\/\/mon-epicerie-berrichonne.fr\/index.php\/wp-json\/wp\/v2\/product_cat?post=4606"},{"taxonomy":"product_tag","embeddable":true,"href":"https:\/\/mon-epicerie-berrichonne.fr\/index.php\/wp-json\/wp\/v2\/product_tag?post=4606"}],"curies":[{"name":"wp","href":"https:\/\/api.w.org\/{rel}","templated":true}]}}